uppose -35 = -y*z + 5*b, s = 6*b - b + 25. Let c(o) = -o**3 + 6*o**2 - 5*o + 1. Calculate c(z).
1
Let a = -4586 - -4590. Suppose 4*q - 3*d - 45 = 0, 3*d = 2*q - 3*q + 30. Let r(i) = -a + 14*i + 5 - q*i. Give r(-4).
5
Let x = 7401 + -7410. Let p(v) = v**2 + 6*v - 4. What is p(x)?
23
Let f(d) be the first derivative of 0*d + 1/6*d**3 - 9 - 1/8*d**4 - d**2. Let m(x) be the second derivative of f(x). Calculate m(-3).
10
Let k(p) = 2*p**2 + 95*p + 140. Suppose 1126 - 464 = -23*t - 396. Give k(t).
2
Let x(h) be the third derivative of -h**7/2520 - h**5/60 - 5*h**4/24 + 2*h**3/3 + 2*h**2 + 3*h. Let a(u) be the second derivative of x(u). Give a(5).
-27
Suppose 119*h = -14*h + 1208 + 787. Let x(p) = 13*p - 197. Give x(h).
-2
Let y(u) be the first derivative of 0*u**2 - 1/4*u**4 + 38 - 4*u + 2*u**3. Determine y(6).
-4
Suppose -2*v - 5*v + 28 = 0. Suppose 10 = 4*u - 2*x, 3 = 4*u + v*x - 1. Let r(d) = -21*d - 44*d**u - d**3 + 8 + 7*d + 58*d**2. Calculate r(13).
-5
Let y(k) be the first derivative of -3*k**2/2 + 7*k + 1456. What is y(-3)?
16
Let o(q) = -q**3 - 3*q**2 + 73*q - 66*q + 806 - 813. Give o(-5).
8
Let j(n) = -n**2 - 358*n - 3 + 2*n**2 + 187*n + 179*n. What is j(-4)?
-19
Let b(u) be the second derivative of 0 - 2*u**2 + 186*u + 1/20*u**5 - 5/12*u**4 - 4/3*u**3. What is b(7)?
38
Let a(w) = w + 12. Let n(d) = d + 1. Let j be n(2). Suppose j*o = 120 + 114. Suppose -27 = 81*x - o*x. Give a(x).
3
Let q = 230 + -230. Let d(u) = -17935*u + 2 + 17924*u + q. What is d(-2)?
24
Let g(n) = -2*n - 4. Let c be g(-4). Suppose j - 10 = -c*j. Let w(t) = 3 - 1 + 0 + t + t**3 - 4 - 4*t**j. Determine w(2).
-8
Let n(z) be the first derivative of z**4/4 - 5*z**3/3 + 5*z**2 - 7*z - 1184. Calculate n(4).
17
Let y(z) = -18*z**2 - 2*z + 2. Let s(q) = -53*q**2 + 16*q. Let n(p) = s(p) - 3*y(p). Calculate n(-22).
-6
Let w(o) = 130*o**2 - 258*o**2 + 127*o**2 - 12*o**3 + 1. Let c = 29 + -20. Suppose 4 = 5*f + c. What is w(f)?
12
Let a(y) = -1039*y**3 + 4*y + 1038*y**3 + 15 - 5*y**2 + y**2. Calculate a(-3).
-6
Suppose 75 = -4*p - 249. Let l = p + 84. Let t(k) = 11*k**l + 18*k**3 - 28*k**3 + 6*k**2. Calculate t(-6).
0
Let g(l) be the first derivative of 2/3*l**3 - 5*l**2 - 1/6*l**4 + 6 + 0*l - 1/60*l**5. Let o(m) be the second derivative of g(m). What is o(-6)?
-8
Let z(u) = -2*u**2 - 21*u - 49. Let y(b) = b**2 + 14*b + 1. Let j(v) = 3*y(v) + z(v). What is j(-23)?
0
Let y(j) = j**3 + 5*j - 5. Suppose 0 = 5*p + 4*v - 10, 3*v = 5*p + 449 - 459. What is y(p)?
13
Let a(k) = -11*k**2 + 4*k**2 - 22*k**2 - 2*k + 1 + 1 + 13*k**2. What is a(-2)?
-58
Let x(s) = s**3 + 2*s**2 - 2*s + 1. Let f(z) be the first derivative of 5*z**4/4 + 22*z**3/3 - 11*z**2 + 10*z - 71. Let d(c) = -f(c) + 6*x(c). Determine d(9).
5
Let d(x) be the second derivative of -x**5/20 - x**4/12 + 13*x**3/6 + 2*x**2 + 59*x - 39. Determine d(6).
-170
Let w(s) = -s - 7. Let k(a) = -2*a**2 + 5*a - 9. Let h(b) = -4*b**2 + 4*b - 9. Let c(x) = 2*h(x) - 3*k(x). Let m = -23 - -19. Let z be c(m). Calculate w(z).
-12
Let f(w) = -w**3 - 13*w**2 - 23*w - 7. Let a be f(-11). Let i(c) be the second derivative of -a*c + 0 + 3/2*c**2 - 2/3*c**3. What is i(3)?
-9
Let q(a) = -a - 1. Suppose 3*y + 4*j - 10 = 0, -2*j - 12 = -5*j. Let v(i) = i + 3. Let h(k) = y*v(k) - 5*q(k). Calculate h(-2).
-7
Let j be (351/6)/((-39)/78). Let v be 1740/14 - 4/14. Let a = j + v. Let t(l) = 2*l - 8. What is t(a)?
6
Let x(s) = -7*s - 1. Let i = -256 - -260. Suppose 0*f - 4*f = i. Calculate x(f).
6
Let d(a) = a**2 - 15*a - 9. Let c be ((-26)/39)/(2/(-45)). Let p be d(c). Let h(y) = -4*y - 37. Let u be h(p). Let g(x) = -8*x - 1. Determine g(u).
7
Let h(c) = 29*c + 124. Let p be h(-4). Suppose 37 = -9*a - p. Let s(u) = -u**3 - 4*u**2 + 4*u + 7. What is s(a)?
12
Let g be ((-30)/(-25))/(1/10). Suppose 2*b - 28 = 4*c, -5*c - b - g = 23. Let i(n) be the first derivative of -n**2/2 - 2*n + 202. Calculate i(c).
5
Let l(h) = -3*h - 3. Let i(c) = -36*c + 19*c + 18*c. Let y(m) = m**2 - 8*m + 9. Let a be y(5). Let n(r) = a*i(r) - l(r). Give n(2).
-3
Let h(p) be the first derivative of -p**3/3 + 3*p**2 + 18*p + 4202. Calculate h(13).
-73
Let i(u) be the third derivative of 5*u**4/24 + 3*u**3/2 + 1494*u**2. Determine i(0).
9
Let i = -73 - -85. Suppose -4*n - 56 = -i. Let s(l) = l**3 + 11*l**2 - l - 14. Give s(n).
-3
Suppose -5*x + 2*z = -13, 13 = 4*x + 5*z - 4. Let w be ((-20)/x)/(-4) - (-5)/(-3). Let f(s) = -s + 14. Give f(w).
14
Let u(r) = -7 + 9*r**2 - 4*r + 3*r**3 - 6*r**3 + 4*r + 7*r**3 - r. Let h(k) = -3*k**3 - 9*k**2 + 2*k + 6. Let i(j) = -5*h(j) - 4*u(j). Determine i(8).
14
Let b(r) = r**3 + 11*r**2 + 13*r + 27. Suppose 188*u = 200*u + 120. Give b(u).
-3
Let y(f) = f**3 + 29*f + 4*f**2 - 18 + 3*f**2 + 5*f**2 + 5*f**2. Calculate y(-15).
-3
Let r(a) = -61*a**2 + a. Let m(p) = p**3 - 11*p**2 + 15*p - 51. Let g be m(10). What is r(g)?
-62
Let j(c) be the third derivative of -c**5/10 - c**4/12 + c**3/6 + 21*c**2. Suppose -2*q = -g - 14, 29*g + 3*q - 8 = 24*g. What is j(g)?
-19
Suppose -2*l - 3*l + 5 = 0, -4*i + 2*l = -38. Let y = i - 2. Let t be (1 - 1) + 24/y. Let d(k) = k**3 - 2*k**2 - 5*k + 2. Give d(t).
-4
Let u(g) be the second derivative of -g**5/24 + g**3/6 + g**2 - 9*g + 8. Let r(y) be the second derivative of u(y). What is r(2)?
-10
Let q = 0 - -3. Let w(o) = 114*o**3 + 3*o**2 + 11*o + 2. Let z(y) = 35*y**3 + y**2 + 3*y + 1. Let l(x) = -4*w(x) + 13*z(x). Give l(q).
-28
Let f(u) = 16*u**2 - 4*u + 4. Let l(q) = 5*q**2 - 2*q + 2. Let h(n) = 2*f(n) - 7*l(n). Let s be h(2). Let i(c) = -c**2 - 6*c - 4. Give i(s).
-4
Let z(n) be the second derivative of 0 - 2*n**2 - n + 2/3*n**3. Suppose -6*p = 21*p - p + 104. Determine z(p).
-20
Let i be (2/3 - (-70)/(-210))*57. Let y(l) = l**3 - 19*l**2 - 29. What is y(i)?
-29
Let n(s) = s + 3. Let o(q) = 2*q**2 - 20*q - 60. Let g be o(-3). Let u(c) = c**3 - 16*c**2 - 35*c - 20. Let y be u(g). Calculate n(y).
1
Let z(y) = -y - 4. Let b(a) = 2*a**2 + 4*a - 1. Suppose -65 = -2*d - 71. Let n be b(d). Suppose -3*j = -5*c - 14, -5*c - 3 - 7 = -n*j. What is z(j)?
-2
Let b(j) be the second derivative of j**3/3 + 3*j**2 - 128*j + 8. Let k(r) = -r**3 - 9*r**2 + 11*r + 4. Let d be k(-10). What is b(d)?
-6
Suppose 2*k + 0 = 4*l - 2, l - 17 = -5*k. Let q(p) = 9*p**2 - 39*p + 9. Let o(y) = -9*y**2 + 35*y - 8. Let d(z) = 9*o(z) + 8*q(z). Calculate d(l).
-30
Let d(x) = x + 3. Let f = -389 - -201. Let c = f - 226. Let p be -9 + c/(-45) + 21/(-5). Calculate d(p).
-1
Let f(t) = 17*t - 2. Let z(u) = u**2 - 44*u + 197. Let n be z(5). Calculate f(n).
32
Let b(l) = 2*l**2 - 8*l + 3. Let s = 152 + -148. Suppose 2*v - s*m + 14 = 0, -4*v = 2*m + 3*m - 37. What is b(v)?
-3
Let b(r) = 4*r - 2. Suppose -5*g = 5*j - 45, -181*g + 185*g + 24 = 2*j. Let p(k) = 12*k**2 - k - 1. Let f be p(-1). Let d = f - j. Give b(d).
6
Let g(w) = w**3 + 2*w**2 - 37*w + 68. Let r be g(3). Let k(a) be the second derivative of 13*a + 0 + 1/6*a**4 - 2*a**r + 1/3*a**3. Calculate k(-3).
8
Let r(m) = m**2 + 30*m + 29. Let t(v) = 31*v + 3257. Let k be t(-106). Give r(k).
0
Let d(w) = -251629*w - 4*w**2 + 6 - 3*w**2 + 251636*w. Give d(-1).
-8
Let c(q) = -q + 9. Let k be (-9)/(-10 + 9 + 0). Suppose 42*z - 45*z = -k. What is c(z)?
6
Let a(x) = -49*x + 237. Let l(k) = -27*k + 131. Let q(j) = 5*a(j) - 9*l(j). Let h be 4/6 + (-20)/(-6). Determine q(h).
-2
Let a(k) = k**3 + 5*k**2 - 4*k. Let x = 17905 + -17911. Give a(x).
-12
Let s = -146 + 158. Suppose 19 = 3*x + 4*k, -k + s = 2*x + k. Let g(d) = -d + 12. Determine g(x).
7
Let z(k) = 19*k + 16. Let b(i) = 9*i + 8. Suppose 9*l - 3*l = -36. Let g(a) = l*z(a) + 13*b(a). Calculate g(-7).
-13
Suppose -5*f = -2*i + 5, -3*i + 139 - 169 = 5*f. Let g(m) = -m**3 - 4*m**2 + 2*m + 1. Give g(f).
-14
Let q(c) = -72*c + 20*c - 18 + 31*c + 7*c + 20*c. What is q(-6)?
-54
Let v = 4889 + 792. Let u(y) = -y**3 + 9 - y**2 - 4*y**2 - 2 + v*y - 5684*y. Give u(-4).
3
Let p(d) = -12*d**3 + 28*d**2 + 9*d - 194. Let k(q) = -10*q**3 + 28*q**2 + 8*q - 163. Let y(u) = -7*k(u) + 6*p(u). Calculate y(-14).
5
Let p(c) = 1 + 5*c - c**2 + 0 - 3 - 2*c. Suppose y - 7 = l - 11, 5*l + 4*y = 20. Calculate p(l).
-6
Let g(f) = -35139 + 35135 - 12*f + 10*f. Suppose -2*n = -6*n - 40. Calculate g(n).
16
Let x(f) = f**2 + 18*f + 29. Let o = -2499 + 2483. What is x(o)?
-3
Let s(i) be the